et x be (-4)/(4/(-3)) - 23. Let u be x/6*(-48)/(-20). What is the units digit of (-302)/u - 4/(-16)?
8
Suppose -4*w - o = -0*w - 99, 0 = w + 3*o - 11. Suppose 25*p - 108 = 21*p. Let i = p - w. What is the units digit of i?
1
What is the units digit of 1 + 2 - (-56 - 3853)?
2
Suppose -1760 = 3*q - 19*q. Let z = q - -74. What is the units digit of z?
4
Let g(o) = 12*o**2 - o + 1. What is the units digit of g(1)?
2
Suppose -l + 1740 = 5*x + 2*l, l = -2*x + 697. What is the tens digit of x?
5
Suppose 24 = 2*d - 4*d. What is the hundreds digit of d/(-14)*((-288)/(-2) + 3)?
1
Let r(y) = 23*y + 127. What is the hundreds digit of r(20)?
5
Suppose -4 + 20 = 4*p. Let l = 1 - p. What is the units digit of -2 - (l - 104/4)?
7
Let a = 2133 + -1034. What is the thousands digit of a?
1
Let v = -22 + 26. Suppose v*y + n = -64, n = -2*y - 2*n - 42. What is the units digit of (-46)/(-6) - y/45?
8
Let a = 2278 - 2071. What is the tens digit of a?
0
Suppose 108*k - 26486 = 89*k. What is the units digit of k?
4
Let k be -1 - ((1 - -1) + -1). Let p(m) = -30*m**3 + 3*m + 2. What is the tens digit of p(k)?
3
Let a(b) = b**3 + 3*b**2 + 2. Let f be a(-4). Let c = f - -16. Suppose 3*r + 25 = i, -2*i = -c*r + 3*r - 57. What is the tens digit of i?
2
What is the units digit of ((-92)/(-69))/(32/151080)?
5
Let z(b) = -b**2 + 3*b + 46. Let v be z(0). Let w = v - -233. What is the units digit of w?
9
Let f = -19 - -249. What is the hundreds digit of f?
2
Let o be 3*((-170)/(-2) - 2). Suppose -3*b = -1 - 8, 4*p = -3*b + o. What is the tens digit of p?
6
Let v(h) = -5*h**2 - 100*h + 89*h + 11 - h**3 - 6*h**2. Let t be v(-10). Suppose -t = g - 30. What is the units digit of g?
9
Suppose 1 = i + 7. Let t(c) = c**3 + 5*c**2 - 12*c - 4. Let n be t(i). Suppose -3*k = 2*k - f - 136, -k + n = f. What is the units digit of k?
8
Let h = 821 + -567. What is the units digit of h?
4
Suppose -3*n + 3 = 0, -n - 12348 = -4*g + 451. What is the units digit of g?
0
Suppose 3*x = -2*d + 20, -x = -2*x + d + 5. Let p(q) = 6*q - 7. Let s be p(x). What is the units digit of (7 - 9)*s/(-2)?
9
Let z = 326 + 16. What is the units digit of z?
2
Let k be 2/4 + 4 + 92/(-8). Let u = 39 - k. What is the tens digit of u?
4
Let q = -682 - -698. Suppose 0 = 4*a - 13 + 5. What is the units digit of ((-3)/a)/((-8)/q)?
3
Let b(f) = f**3 + 10*f**2 - 8*f + 12. Let y be b(-11). Let c = y + 12. Let g = c + 12. What is the units digit of g?
3
Let c(w) = -w**2 + 4*w + 6. Let s = 19 + -14. Let v be c(s). What is the units digit of (-6)/(-8) + v/4?
1
Suppose q + 5*p - 115 = 0, 0*q + 2*q = 4*p + 160. What is the units digit of q/4*20/15?
0
Let u(z) = 133*z**2 - 7*z - 10. What is the hundreds digit of u(3)?
1
What is the hundreds digit of 194 - ((-7)/(-49) + (-81)/(-21))?
1
Let y be 144/63 - 2/7. Suppose 4*f = -f - y*p + 173, -177 = -5*f + 2*p. What is the tens digit of f?
3
Let j(y) be the first derivative of -3*y - 1/2*y**2 + 2/3*y**3 + 1. What is the tens digit of j(3)?
1
Let r = -2298 + 2353. What is the units digit of r?
5
Let j = -699 - -1030. What is the units digit of j?
1
Let m(c) = -c**2 + 16*c + 23. Let s be m(18). What is the units digit of (66/78)/1 - 2/s?
1
Let y(w) = 4*w**3 - 5*w**2 - 4*w - 10. Let r(i) = 3*i**3 - 4*i**2 - 3*i - 9. Let h(a) = -5*r(a) + 4*y(a). What is the units digit of h(3)?
9
Let d(v) = -v + 6. Let u be d(10). Let x be 8 - -1*u/4. Suppose -x*q + 126 = -q. What is the tens digit of q?
2
Let v be ((1 - 3) + 2)/(-2). Suppose -k + 2*p = -7, v*p + 29 = 5*k - 4*p. Suppose -k*n + 46 + 19 = 0. What is the tens digit of n?
1
Suppose 5*z - 808 = -2*d, d - 6*z - 404 = -3*z. What is the tens digit of d?
0
Let s(o) = -5*o**3 + o**2 - 3 + 2*o + o**2 + 0*o + 0*o. Let f be s(3). What is the tens digit of ((-16)/(-24))/((-4)/f)?
1
Suppose 5*k - 2*u + 4 + 4 = 0, 3*k + 3*u + 9 = 0. Let n(x) = -3*x**3 - x**2 - x - 3. What is the tens digit of n(k)?
1
Suppose 5*k + 2 = 3*k + 4*n, -4*k - 2*n + 26 = 0. Suppose k*i - 290 = z, 0 = -2*i - z + 4*z + 116. What is the tens digit of i?
5
Let h be ((-6)/(-8))/(10/(-40)). Let k(z) = z**2 - 8*z - 12. What is the tens digit of k(h)?
2
Let r(c) = -c**2 + 9*c + 23. Let m be r(8). What is the tens digit of m - (0 - (9 - 5))?
3
Suppose -7*p + 2*p + 10 = 0. Let b be p - (-66 + 0/2). Suppose -w + b = 3*w. What is the units digit of w?
7
Let w be (2 - ((-50)/(-4))/1)*2. Let p = 111 + w. What is the units digit of p?
0
Let f = -45 - -16. Let k = -13 - f. What is the units digit of (k/(-6))/(6/(-9))?
4
Let n(a) be the second derivative of -7*a**3/2 - a**2/2 + 2*a. Suppose 4 + 6 = -5*s + 5*b, 0 = -4*s - b - 3. What is the units digit of n(s)?
0
Let w(h) = -h**2 + 3*h + 4. Let i be w(3). Suppose -5*b + 5 = -0, -43 = -i*n + 5*b. What is the units digit of n?
2
What is the tens digit of (-60)/(-30) - 3*519/(-3)?
2
Let z = 476 + -473. What is the units digit of z?
3
Suppose 0 = -33*t + 29*t + 256. Suppose -4*n + 52 = -t. What is the units digit of n?
9
Suppose 6*t = 9*t - 759. Suppose t = -0*r + r. What is the units digit of r?
3
Let p be (-5)/(-2)*(10 + -8). Suppose 3*f + f - 10 = y, 0 = p*y + 3*f - 19. Suppose -4*g - 3 = -r + 27, -30 = -4*r - y*g. What is the tens digit of r?
1
Let o(c) = c + 0*c - 9*c - 36 - 5*c. What is the tens digit of o(-11)?
0
Suppose 2*c - 242 = 100. Suppose 74 + c = 5*i. What is the units digit of i?
9
Let r = 500 - 208. Let j = -189 + r. What is the units digit of j?
3
Let x be (2 - 2)*4/(-8). Suppose -4*g - 24 = -2*o - 7*g, x = 4*g + 8. What is the units digit of o?
5
Let r(z) = z**3 + 22*z**2 + 12*z - 4. What is the tens digit of r(-21)?
8
Let f = 116 - 68. Suppose -f = -8*t + 7*t. What is the units digit of t?
8
Let f(n) = -n**3 - 2*n**2 + 3*n + 6. Let b be f(-3). Suppose 342 + 126 = b*r. What is the tens digit of r?
7
Suppose 327 = 4*z + 827. Let t = z + 236. What is the units digit of t?
1
Suppose 22 = -9*h - 14. Let j(a) = a**3 + 2*a**2 + 2*a. Let r(z) = 2*z**3 + 3*z**2 + 3*z - 1. Let v(d) = -5*j(d) + 2*r(d). What is the units digit of v(h)?
4
Suppose 46*f = f + 123570. What is the units digit of f?
6
Let u = -17 - -20. Suppose 66 = u*c - c. What is the tens digit of c?
3
Let n(u) = -u**3 + 8*u**2 + 16*u + 3. Let z be n(9). Suppose 71*s = z*s + 820. What is the units digit of s?
4
Suppose -s + 0 = -2. Suppose -4*o = s*r, 2*r - 2*o = r + 8. Suppose -81 = -r*b + 5*v, 0*b + 20 = b - v. What is the units digit of b?
9
Let n(p) = p + 1. Suppose -3*c + 6 + 18 = 0. Suppose -c = -v - v. What is the units digit of n(v)?
5
Let o(g) = -g**3 + 12*g**2 + 13*g + 2. Let f be o(13). Suppose f*w + 5*z = 179, 4*z - z - 379 = -4*w. What is the units digit of w?
7
Suppose 8*f - 2378 = 1222. Let m = f + -223. What is the hundreds digit of m?
2
Suppose 0*y = 7*y + 511. Let x = y - -125. What is the tens digit of x?
5
Let m be ((-135)/36)/((-6)/280). Suppose 0 = 3*q + 2*q - m. What is the tens digit of q?
3
Suppose -2*u + 2*o + 210 = 0, 0*o = o - 3. Let y = -3 + u. What is the units digit of y?
5
Let y(j) = j**3 - 8*j**2 + 9*j - 10. Let k be y(7). Suppose -5*f = 2*o - 81, 2*o - o + k*f - 42 = 0. What is the tens digit of o?
3
Let a(m) = -4 - 3*m**2 + 3*m**2 + 3*m**2 + m - 8. What is the hundreds digit of a(-8)?
1
What is the units digit of 2327 + -4*12/48?
6
Suppose -12*q + 1077 = -279. What is the units digit of (-4 - (-7 + 3)) + q?
3
Let y(z) = 3*z**2 + 6*z + 3. Let x be y(-2). Suppose 0 = 4*d - 2*d - 8, 5*d = x*s - 28. What is the tens digit of s?
1
Let m(b) = -61*b - 1. Let q(u) = u - 6. Let v be q(5). What is the tens digit of m(v)?
6
Let s = 26 + -29. Let p be (-8 - 4)*7/s. Suppose -t - 3*i + 4 = 0, 0*t - p = -t + 5*i. What is the tens digit of t?
1
Suppose 0 = 5*j + 14*j - 4218. What is the hundreds digit of j?
2
Let h be 4 - -2*(-4)/8. Suppose 4*r = -4*l + 2*r + 40, 30 = 4*l - h*r. Let o(m) = m**3 - 8*m**2 - 2*m + 6. What is the units digit of o(l)?
9
Suppose 0 = -3*i - 4*k - 6, -3*k + k = 6. Suppose -i*f + 100 = -4*f. What is the units digit of (f/6)/((-9)/27)?
5
Let y be (-20)/10*(1 - 4). Suppose 0 = -y*x + x + 35. What is the units digit of x?
7
Let q(o) = o**3 + 5*o**2 + 6*o + 6. Let z be q(-4). What is the units digit of (-129)/((-7)/2 - z)?
6
Let s(d) = 9*d**3 - d - 1. Suppose 3*n = 62 - 56. What is the tens digit of s(n)?
6
Let o(q) = q**3 - 12*q**2 - 13*